of 1136464 and 18907.
511
What is the highest common divisor of 2340 and 501462?
234
What is the greatest common divisor of 38316 and 5350104?
372
Calculate the highest common divisor of 2924 and 570146.
34
What is the greatest common divisor of 211 and 18672656?
211
What is the highest common factor of 251426133 and 23?
23
What is the greatest common divisor of 859040 and 3744?
416
What is the greatest common divisor of 9527990 and 6724?
82
What is the greatest common factor of 42044765 and 1295?
1295
What is the highest common divisor of 660202 and 3026?
178
What is the greatest common divisor of 1459604 and 129797?
2449
What is the greatest common divisor of 1352382 and 437?
19
Calculate the greatest common divisor of 12 and 5221364.
4
Calculate the greatest common divisor of 1985918 and 10868.
418
What is the highest common divisor of 840 and 4331985?
105
What is the greatest common factor of 13733628 and 141252?
1788
What is the highest common factor of 41759540 and 36932?
5276
What is the highest common factor of 639749 and 15048?
209
What is the greatest common divisor of 1864 and 153664898?
466
What is the greatest common divisor of 182838 and 61566?
186
Calculate the greatest common factor of 460260 and 1548.
36
Calculate the highest common divisor of 200820400 and 88.
88
What is the highest common factor of 557 and 897358192?
557
What is the highest common divisor of 64924576 and 18656?
1696
Calculate the greatest common factor of 643327 and 40951.
1321
Calculate the highest common factor of 440353569 and 1308.
327
Calculate the greatest common divisor of 775251 and 82161.
459
What is the highest common divisor of 250 and 73117000?
250
Calculate the highest common factor of 3162175 and 25.
25
What is the highest common divisor of 192 and 44416896?
192
Calculate the highest common divisor of 1970 and 30748154.
394
Calculate the highest common divisor of 1597932 and 61047.
1071
Calculate the highest common divisor of 39 and 542655906.
39
What is the highest common divisor of 52 and 67681250?
26
What is the highest common factor of 113964395 and 1766?
883
What is the highest common divisor of 1422761197 and 1573?
1573
Calculate the greatest common factor of 9 and 774439.
1
Calculate the highest common factor of 669174 and 78.
6
Calculate the highest common divisor of 26757625 and 230.
115
Calculate the greatest common divisor of 277675682 and 344.
86
What is the highest common divisor of 44814434 and 23352?
1946
Calculate the highest common factor of 1218 and 348834794.
406
Calculate the greatest common factor of 13883392 and 2048.
2048
What is the greatest common factor of 514720 and 9?
1
Calculate the highest common divisor of 29616 and 98103.
1851
What is the greatest common divisor of 7608 and 6258?
6
What is the greatest common divisor of 986 and 1085994?
34
What is the greatest common divisor of 105516 and 73956?
12
What is the greatest common divisor of 484 and 8019033?
121
What is the greatest common divisor of 3676197 and 4371?
93
What is the highest common factor of 38306927 and 47219?
2053
Calculate the highest common divisor of 200988 and 3348.
108
Calculate the highest common divisor of 57134767 and 19.
19
Calculate the greatest common divisor of 972 and 25368552.
324
Calculate the greatest common divisor of 14280 and 8464725.
255
Calculate the greatest common factor of 20 and 17921960.
20
What is the highest common divisor of 44154184 and 2780?
556
What is the greatest common factor of 81446 and 248198?
386
What is the greatest common divisor of 1232 and 291238332?
308
Calculate the greatest common factor of 25597 and 8515.
13
What is the highest common divisor of 19607084 and 31584?
1316
Calculate the highest common divisor of 37012608 and 685656.
6408
Calculate the greatest common factor of 654112 and 528.
16
Calculate the highest common factor of 91 and 593070413.
13
What is the highest common factor of 1951 and 27762730?
1951
What is the highest common divisor of 6039 and 20966?
11
What is the greatest common divisor of 2013 and 1502247?
183
Calculate the greatest common factor of 1630090140 and 210.
210
Calculate the greatest common divisor of 2500 and 88340.
20
What is the highest common factor of 3589141907 and 13?
13
What is the greatest common factor of 4766559 and 19768?
2471
Calculate the greatest common factor of 115 and 1870788145.
115
What is the highest common divisor of 970960 and 1219000?
2120
Calculate the highest common factor of 29078 and 1572816.
434
What is the highest common divisor of 17797829 and 4214?
2107
Calculate the highest common factor of 2123764 and 37052.
236
Calculate the greatest common factor of 245 and 154934717.
49
What is the greatest common factor of 7465537 and 475?
19
What is the greatest common factor of 92651584 and 2570?
514
Calculate the highest common factor of 69450210 and 10935.
405
Calculate the greatest common factor of 1419 and 54353892.
129
What is the highest common divisor of 48 and 3883800?
24
Calculate the greatest common factor of 28523 and 5821285.
2593
What is the highest common factor of 3677830 and 4693?
247
What is the highest common factor of 9219644 and 224077?
833
What is the highest common factor of 8685459 and 846?
423
What is the highest common divisor of 8 and 170507758?
2
Calculate the greatest common divisor of 39 and 115439727.
39
What is the highest common divisor of 31598 and 517036?
122
Calculate the greatest common factor of 16472 and 6554010.
142
Calculate the greatest common divisor of 1440 and 12391335.
45
What is the greatest common divisor of 1003 and 258605496?
1003
What is the highest common divisor of 3310 and 1715?
5
Calculate the greatest common divisor of 6654 and 8859.
3
What is the highest common factor of 548 and 30220?
4
Calculate the highest common factor of 339742 and 1314.
146
Calculate the greatest common divisor of 1101 and 7949587.
367
Calculate the highest common divisor of 646912 and 2875726.
5054
Calculate the greatest common divisor of 157605 and 674880.
285
What is the highest common divisor of 35818095 and 15?
15
What is the greatest common divisor of 7840900 and 2375?
25
What is the highest common divisor of 293525 and 134225?
1475
What is the greatest common divisor of 9125 and 268348?
73
Calculate the highest common divisor of 13909735 and 31653.
3517
What is the highest common divisor of 502 and 19148539?
251
Calculate the greatest common divisor of 4404 and 25572.
12
Calculate the highest common divisor of 208890 and 215622.
198
Calculate the greatest common divisor of 38455032 and 62832.
1848
Calculate the greatest common divisor of 3322336 and 192.
32
Calculate the greatest common factor of 80013 and 192246.
537
Calculate the highest common divisor of 231 and 14988127.
77
What is the greatest common divisor of 270 and 392528295?
135
Calculate the highest common divisor of 84 and 23386062.
42
What is the highest common factor of 130 and 54155270?
130
What is the highest common factor of 69187 and 6543803?
1609
Calculate the highest common divisor of 14781296 and 2312.
136
Calculate the greatest common factor of 2570373 and 507.
39
Calculate the highest common factor of 31 and 66216341.
31
What is the highest common divisor of 61523 and 594033?
517
What is the greatest common divisor of 21294673 and 61?
61
Calculate the highest common factor of 161811838 and 172.
86
What is the greatest common divisor of 34863500 and 8428?
196
What is the greatest common divisor of 2238474020 and 20?
20
Calculate the greatest common factor of 137207 and 427.
7
Calculate the greatest common divisor of 19800779 and 764.
191
Calculate the highest common factor of 13732444 and 132.
44
Calculate the greatest common factor of 7077631 and 11.
11
Calculate the greatest common factor of 34 and 285454412.
34
What is the greatest common divisor of 2607 and 6405?
3
What is the greatest common factor of 4103867 and 667299?
437
What is the greatest common divisor of 1387197 and 4171?
97
What is the greatest common factor of 865816 and 5320?
56
Calculate the greatest common divisor of 223712 and 103264061.
6991
Calculate the greatest common divisor of 12876660 and 1350.
90
What is the highest common divisor of 12189198 and 210?
42
Calculate 